CRAN Package Check Results for Package ggdark

Last updated on 2025-07-20 01:49:29 CEST.

Flavor Version Tinstall Tcheck Ttotal Status Flags
r-devel-linux-x86_64-debian-clang 0.2.1 4.20 89.20 93.40 NOTE
r-devel-linux-x86_64-debian-gcc 0.2.1 3.20 56.45 59.65 NOTE
r-devel-linux-x86_64-fedora-clang 0.2.1 140.78 OK
r-devel-linux-x86_64-fedora-gcc 0.2.1 132.41 OK
r-devel-windows-x86_64 0.2.1 7.00 91.00 98.00 OK
r-patched-linux-x86_64 0.2.1 4.70 83.56 88.26 OK
r-release-linux-x86_64 0.2.1 4.59 82.67 87.26 OK
r-release-macos-arm64 0.2.1 35.00 OK
r-release-macos-x86_64 0.2.1 48.00 OK
r-release-windows-x86_64 0.2.1 7.00 89.00 96.00 OK
r-oldrel-macos-arm64 0.2.1 26.00 NOTE
r-oldrel-macos-x86_64 0.2.1 37.00 NOTE
r-oldrel-windows-x86_64 0.2.1 10.00 121.00 131.00 NOTE

Check Details

Version: 0.2.1
Check: CRAN incoming feasibility
Result: NOTE Maintainer: ‘Neal Grantham <neal@nsgrantham.com>’ No Authors@R field in DESCRIPTION. Please add one, modifying Authors@R: person(given = "Neal", family = "Grantham", role = c("aut", "cre"), email = "neal@nsgrantham.com") as necessary. Flavors: r-devel-linux-x86_64-debian-clang, r-devel-linux-x86_64-debian-gcc

Version: 0.2.1
Check: LazyData
Result: NOTE 'LazyData' is specified without a 'data' directory Flavors: r-oldrel-macos-arm64, r-oldrel-macos-x86_64, r-oldrel-windows-x86_64