Last updated on 2025-07-04 00:50:04 CEST.
Flavor | Version | Tinstall | Tcheck | Ttotal | Status | Flags |
---|---|---|---|---|---|---|
r-devel-linux-x86_64-debian-clang | 0.1.4 | 5.67 | 59.93 | 65.60 | OK | |
r-devel-linux-x86_64-debian-gcc | 0.1.4 | 3.98 | 43.42 | 47.40 | OK | |
r-devel-linux-x86_64-fedora-clang | 0.1.4 | 99.63 | NOTE | |||
r-devel-linux-x86_64-fedora-gcc | 0.1.4 | 105.48 | NOTE | |||
r-devel-windows-x86_64 | 0.1.4 | 7.00 | 70.00 | 77.00 | OK | |
r-patched-linux-x86_64 | 0.1.4 | 6.27 | 54.45 | 60.72 | OK | |
r-release-linux-x86_64 | 0.1.4 | 5.57 | 54.75 | 60.32 | OK | |
r-release-macos-arm64 | 0.1.4 | 89.00 | OK | |||
r-release-macos-x86_64 | 0.1.4 | 72.00 | OK | |||
r-release-windows-x86_64 | 0.1.4 | 8.00 | 69.00 | 77.00 | OK | |
r-oldrel-macos-arm64 | 0.1.4 | 38.00 | OK | |||
r-oldrel-macos-x86_64 | 0.1.4 | 59.00 | OK | |||
r-oldrel-windows-x86_64 | 0.1.4 | 10.00 | 86.00 | 96.00 | OK |
Version: 0.1.4
Check: dependencies in R code
Result: NOTE
Namespaces in Imports field not imported from:
‘grDevices’ ‘gtable’
All declared Imports should be used.
Flavors: r-devel-linux-x86_64-fedora-clang, r-devel-linux-x86_64-fedora-gcc