CRAN Package Check Results for Package graphTweets

Last updated on 2025-07-15 12:49:22 CEST.

Flavor Version Tinstall Tcheck Ttotal Status Flags
r-devel-linux-x86_64-debian-clang 0.5.3 4.47 43.28 47.75 NOTE
r-devel-linux-x86_64-debian-gcc 0.5.3 2.86 33.45 36.31 NOTE
r-devel-linux-x86_64-fedora-clang 0.5.3 71.43 NOTE
r-devel-linux-x86_64-fedora-gcc 0.5.3 64.86 NOTE
r-devel-windows-x86_64 0.5.3 5.00 60.00 65.00 NOTE
r-patched-linux-x86_64 0.5.3 3.98 38.90 42.88 NOTE
r-release-linux-x86_64 0.5.3 4.18 39.12 43.30 NOTE
r-release-macos-arm64 0.5.3 23.00 OK
r-release-macos-x86_64 0.5.3 44.00 OK
r-release-windows-x86_64 0.5.3 5.00 62.00 67.00 OK
r-oldrel-macos-arm64 0.5.3 24.00 OK
r-oldrel-macos-x86_64 0.5.3 34.00 OK
r-oldrel-windows-x86_64 0.5.3 9.00 61.00 70.00 OK

Check Details

Version: 0.5.3
Check: Rd cross-references
Result: NOTE Unknown package ‘rtweet’ in Rd xrefs Flavors: r-devel-linux-x86_64-debian-clang, r-devel-linux-x86_64-debian-gcc, r-devel-linux-x86_64-fedora-clang, r-devel-linux-x86_64-fedora-gcc, r-devel-windows-x86_64, r-patched-linux-x86_64, r-release-linux-x86_64

Version: 0.5.3
Check: dependencies in R code
Result: NOTE Namespace in Imports field not imported from: ‘utils’ All declared Imports should be used. Flavors: r-devel-linux-x86_64-fedora-clang, r-devel-linux-x86_64-fedora-gcc