CRAN Package Check Results for Package gridGraphviz

Last updated on 2025-07-13 12:49:18 CEST.

Flavor Version Tinstall Tcheck Ttotal Status Flags
r-devel-linux-x86_64-debian-clang 0.3-1 4.43 36.52 40.95 NOTE
r-devel-linux-x86_64-debian-gcc 0.3-1 3.28 28.06 31.34 NOTE
r-devel-linux-x86_64-fedora-clang 0.3-1 61.85 OK
r-devel-linux-x86_64-fedora-gcc 0.3-1 57.77 OK
r-devel-windows-x86_64 0.3-1 5.00 51.00 56.00 NOTE
r-patched-linux-x86_64 0.3-1 3.21 34.99 38.20 NOTE
r-release-linux-x86_64 0.3-1 4.34 34.59 38.93 NOTE
r-release-macos-arm64 0.3-1 22.00 OK
r-release-macos-x86_64 0.3-1 36.00 OK
r-release-windows-x86_64 0.3-1 4.00 57.00 61.00 NOTE
r-oldrel-macos-arm64 0.3-1 20.00 OK
r-oldrel-macos-x86_64 0.3-1 35.00 OK
r-oldrel-windows-x86_64 0.3-1 5.00 59.00 64.00 OK

Check Details

Version: 0.3-1
Check: Rd cross-references
Result: NOTE Found the following Rd file(s) with Rd \link{} targets missing package anchors: agopenTrue.Rd: agopen graphWidth.Rd: Ragraph Please provide package anchors for all Rd \link{} targets not in the package itself and the base packages. Flavors: r-devel-linux-x86_64-debian-clang, r-devel-linux-x86_64-debian-gcc, r-devel-windows-x86_64, r-patched-linux-x86_64, r-release-linux-x86_64, r-release-windows-x86_64