Last updated on 2025-07-16 00:49:43 CEST.
Flavor | Version | Tinstall | Tcheck | Ttotal | Status | Flags |
---|---|---|---|---|---|---|
r-devel-linux-x86_64-debian-clang | 0.3.2 | 0.39 | 2.89 | 3.28 | ERROR | |
r-devel-linux-x86_64-debian-gcc | 0.3.2 | 7.30 | 58.16 | 65.46 | OK | |
r-devel-linux-x86_64-fedora-clang | 0.3.2 | 146.71 | OK | |||
r-devel-linux-x86_64-fedora-gcc | 0.3.2 | 88.81 | OK | |||
r-devel-windows-x86_64 | 0.3.2 | 13.00 | 92.00 | 105.00 | OK | |
r-patched-linux-x86_64 | 0.3.2 | 9.57 | 75.87 | 85.44 | OK | |
r-release-linux-x86_64 | 0.3.2 | 9.36 | 77.06 | 86.42 | OK | |
r-release-macos-arm64 | 0.3.2 | 42.00 | OK | |||
r-release-macos-x86_64 | 0.3.2 | 71.00 | OK | |||
r-release-windows-x86_64 | 0.3.2 | 12.00 | 98.00 | 110.00 | OK | |
r-oldrel-macos-arm64 | 0.3.2 | 45.00 | OK | |||
r-oldrel-macos-x86_64 | 0.3.2 | 68.00 | OK | |||
r-oldrel-windows-x86_64 | 0.3.2 | 16.00 | 112.00 | 128.00 | OK |
Version: 0.3.2
Check: package dependencies
Result: ERROR
Package required but not available: ‘nhdplusTools’
See section ‘The DESCRIPTION file’ in the ‘Writing R Extensions’
manual.
Flavor: r-devel-linux-x86_64-debian-clang