Last updated on 2025-07-04 00:50:05 CEST.
Flavor | Version | Tinstall | Tcheck | Ttotal | Status | Flags |
---|---|---|---|---|---|---|
r-devel-linux-x86_64-debian-clang | 0.9.0 | 26.46 | 133.37 | 159.83 | NOTE | |
r-devel-linux-x86_64-debian-gcc | 0.9.0 | 21.24 | 108.59 | 129.83 | NOTE | |
r-devel-linux-x86_64-fedora-clang | 0.9.0 | 245.45 | NOTE | |||
r-devel-linux-x86_64-fedora-gcc | 0.9.0 | 270.49 | NOTE | |||
r-devel-windows-x86_64 | 0.9.0 | 31.00 | 164.00 | 195.00 | NOTE | |
r-patched-linux-x86_64 | 0.9.0 | 28.13 | 137.10 | 165.23 | NOTE | |
r-release-linux-x86_64 | 0.9.0 | 28.46 | 147.49 | 175.95 | NOTE | |
r-release-macos-arm64 | 0.9.0 | 155.00 | NOTE | |||
r-release-macos-x86_64 | 0.9.0 | 241.00 | NOTE | |||
r-release-windows-x86_64 | 0.9.0 | 35.00 | 174.00 | 209.00 | NOTE | |
r-oldrel-macos-arm64 | 0.9.0 | 119.00 | NOTE | |||
r-oldrel-macos-x86_64 | 0.9.0 | 151.00 | NOTE | |||
r-oldrel-windows-x86_64 | 0.9.0 | 39.00 | 217.00 | 256.00 | NOTE |
Version: 0.9.0
Check: CRAN incoming feasibility
Result: NOTE
Maintainer: ‘Alexander Rix <alexrix@umich.edu>’
The Description field contains
(HiGLASSO), developed by Boss et al (2020) <arXiv:2003.12844>, is a
Please refer to arXiv e-prints via their arXiv DOI <doi:10.48550/arXiv.YYMM.NNNNN>.
Flavors: r-devel-linux-x86_64-debian-clang, r-devel-linux-x86_64-debian-gcc
Version: 0.9.0
Check: C++ specification
Result: NOTE
Specified C++11: please drop specification unless essential
Flavors: r-devel-linux-x86_64-debian-clang, r-devel-linux-x86_64-debian-gcc, r-devel-linux-x86_64-fedora-clang, r-devel-linux-x86_64-fedora-gcc, r-devel-windows-x86_64, r-patched-linux-x86_64, r-release-linux-x86_64, r-release-macos-arm64, r-release-macos-x86_64, r-release-windows-x86_64, r-oldrel-macos-arm64, r-oldrel-macos-x86_64, r-oldrel-windows-x86_64