CRAN Package Check Results for Package ic.infer

Last updated on 2025-07-19 13:50:14 CEST.

Flavor Version Tinstall Tcheck Ttotal Status Flags
r-devel-linux-x86_64-debian-clang 1.1-7 5.60 78.32 83.92 NOTE
r-devel-linux-x86_64-debian-gcc 1.1-7 4.12 58.89 63.01 NOTE
r-devel-linux-x86_64-fedora-clang 1.1-7 130.80 OK
r-devel-linux-x86_64-fedora-gcc 1.1-7 134.44 OK
r-devel-windows-x86_64 1.1-7 7.00 120.00 127.00 OK
r-patched-linux-x86_64 1.1-7 6.09 76.11 82.20 OK
r-release-linux-x86_64 1.1-7 5.56 75.70 81.26 OK
r-release-macos-arm64 1.1-7 57.00 OK
r-release-macos-x86_64 1.1-7 100.00 OK
r-release-windows-x86_64 1.1-7 6.00 113.00 119.00 OK
r-oldrel-macos-arm64 1.1-7 47.00 OK
r-oldrel-macos-x86_64 1.1-7 72.00 OK
r-oldrel-windows-x86_64 1.1-7 7.00 131.00 138.00 OK

Check Details

Version: 1.1-7
Check: CRAN incoming feasibility
Result: NOTE Maintainer: ‘Ulrike Groemping <ulrike.groemping@bht-berlin.de>’ No Authors@R field in DESCRIPTION. Please add one, modifying Authors@R: person(given = "Ulrike", family = "Groemping", role = c("aut", "cre"), email = "ulrike.groemping@bht-berlin.de") as necessary. Flavors: r-devel-linux-x86_64-debian-clang, r-devel-linux-x86_64-debian-gcc