CRAN Package Check Results for Package igraphinshiny

Last updated on 2025-07-18 12:49:18 CEST.

Flavor Version Tinstall Tcheck Ttotal Status Flags
r-devel-linux-x86_64-debian-clang 0.1 3.47 30.28 33.75 OK
r-devel-linux-x86_64-debian-gcc 0.1 2.63 24.01 26.64 OK
r-devel-linux-x86_64-fedora-clang 0.1 50.20 OK
r-devel-linux-x86_64-fedora-gcc 0.1 48.38 OK
r-devel-windows-x86_64 0.1 4.00 55.00 59.00 OK
r-patched-linux-x86_64 0.1 3.38 28.96 32.34 OK
r-release-linux-x86_64 0.1 3.08 28.85 31.93 OK
r-release-macos-arm64 0.1 23.00 OK
r-release-macos-x86_64 0.1 42.00 OK
r-release-windows-x86_64 0.1 5.00 47.00 52.00 OK
r-oldrel-macos-arm64 0.1 20.00 NOTE
r-oldrel-macos-x86_64 0.1 30.00 NOTE
r-oldrel-windows-x86_64 0.1 6.00 57.00 63.00 NOTE

Check Details

Version: 0.1
Check: LazyData
Result: NOTE 'LazyData' is specified without a 'data' directory Flavors: r-oldrel-macos-arm64, r-oldrel-macos-x86_64, r-oldrel-windows-x86_64