CRAN Package Check Results for Package imputeR

Last updated on 2025-07-17 12:50:01 CEST.

Flavor Version Tinstall Tcheck Ttotal Status Flags
r-devel-linux-x86_64-debian-clang 2.2 4.44 42.90 47.34 NOTE
r-devel-linux-x86_64-debian-gcc 2.2 3.27 32.16 35.43 NOTE
r-devel-linux-x86_64-fedora-clang 2.2 69.72 OK
r-devel-linux-x86_64-fedora-gcc 2.2 64.58 OK
r-devel-windows-x86_64 2.2 5.00 64.00 69.00 OK
r-patched-linux-x86_64 2.2 4.37 39.94 44.31 OK
r-release-linux-x86_64 2.2 4.02 40.10 44.12 OK
r-release-macos-arm64 2.2 32.00 OK
r-release-macos-x86_64 2.2 52.00 OK
r-release-windows-x86_64 2.2 7.00 64.00 71.00 OK
r-oldrel-macos-arm64 2.2 24.00 OK
r-oldrel-macos-x86_64 2.2 38.00 OK
r-oldrel-windows-x86_64 2.2 7.00 75.00 82.00 OK

Check Details

Version: 2.2
Check: CRAN incoming feasibility
Result: NOTE Maintainer: ‘Steffen Moritz <steffen.moritz10@gmail.com>’ Package CITATION file contains call(s) to old-style personList() or as.personList(). Please use c() on person objects instead. Flavors: r-devel-linux-x86_64-debian-clang, r-devel-linux-x86_64-debian-gcc