Last updated on 2025-07-19 13:50:15 CEST.
Flavor | Version | Tinstall | Tcheck | Ttotal | Status | Flags |
---|---|---|---|---|---|---|
r-devel-linux-x86_64-debian-clang | 1.12.2 | 10.15 | 75.78 | 85.93 | NOTE | |
r-devel-linux-x86_64-debian-gcc | 1.12.2 | 6.77 | 54.36 | 61.13 | NOTE | |
r-devel-linux-x86_64-fedora-clang | 1.12.2 | 130.54 | NOTE | |||
r-devel-linux-x86_64-fedora-gcc | 1.12.2 | 122.99 | NOTE | |||
r-devel-windows-x86_64 | 1.12.2 | 10.00 | 91.00 | 101.00 | NOTE | |
r-patched-linux-x86_64 | 1.12.2 | 9.67 | 70.92 | 80.59 | NOTE | |
r-release-linux-x86_64 | 1.12.2 | 8.32 | 69.23 | 77.55 | NOTE | |
r-release-macos-arm64 | 1.12.2 | 38.00 | NOTE | |||
r-release-macos-x86_64 | 1.12.2 | 72.00 | NOTE | |||
r-release-windows-x86_64 | 1.12.2 | 10.00 | 91.00 | 101.00 | NOTE | |
r-oldrel-macos-arm64 | 1.12.2 | 45.00 | OK | |||
r-oldrel-macos-x86_64 | 1.12.2 | 114.00 | OK | |||
r-oldrel-windows-x86_64 | 1.12.2 | 16.00 | 116.00 | 132.00 | OK |
Version: 1.12.2
Check: CRAN incoming feasibility
Result: NOTE
Maintainer: ‘Thomas Bishop <tombishopemail@gmail.com>’
No Authors@R field in DESCRIPTION.
Please add one, modifying
Authors@R: person(given = "Thomas",
family = "Bishop",
role = c("aut", "cre"),
email = "tombishopemail@gmail.com")
as necessary.
Flavors: r-devel-linux-x86_64-debian-clang, r-devel-linux-x86_64-debian-gcc
Version: 1.12.2
Check: DESCRIPTION meta-information
Result: NOTE
Missing dependency on R >= 4.1.0 because package code uses the pipe
|> or function shorthand \(...) syntax added in R 4.1.0.
File(s) using such syntax:
‘itrax_munsell.R’
Flavors: r-devel-linux-x86_64-debian-clang, r-devel-linux-x86_64-debian-gcc, r-devel-linux-x86_64-fedora-clang, r-devel-linux-x86_64-fedora-gcc, r-devel-windows-x86_64, r-patched-linux-x86_64, r-release-linux-x86_64, r-release-macos-arm64, r-release-macos-x86_64, r-release-windows-x86_64