Last updated on 2025-07-20 01:49:31 CEST.
Flavor | Version | Tinstall | Tcheck | Ttotal | Status | Flags |
---|---|---|---|---|---|---|
r-devel-linux-x86_64-debian-clang | 0.4.0 | 4.72 | 54.23 | 58.95 | NOTE | |
r-devel-linux-x86_64-debian-gcc | 0.4.0 | 3.41 | 38.58 | 41.99 | NOTE | |
r-devel-linux-x86_64-fedora-clang | 0.4.0 | 87.39 | NOTE | |||
r-devel-linux-x86_64-fedora-gcc | 0.4.0 | 77.71 | NOTE | |||
r-devel-windows-x86_64 | 0.4.0 | 7.00 | 69.00 | 76.00 | NOTE | |
r-patched-linux-x86_64 | 0.4.0 | 5.18 | 49.06 | 54.24 | NOTE | |
r-release-linux-x86_64 | 0.4.0 | 4.30 | 49.10 | 53.40 | NOTE | |
r-release-macos-arm64 | 0.4.0 | 28.00 | NOTE | |||
r-release-macos-x86_64 | 0.4.0 | 53.00 | NOTE | |||
r-release-windows-x86_64 | 0.4.0 | 6.00 | 67.00 | 73.00 | NOTE | |
r-oldrel-macos-arm64 | 0.4.0 | 31.00 | OK | |||
r-oldrel-macos-x86_64 | 0.4.0 | 56.00 | OK | |||
r-oldrel-windows-x86_64 | 0.4.0 | 8.00 | 81.00 | 89.00 | OK |
Version: 0.4.0
Check: DESCRIPTION meta-information
Result: NOTE
Missing dependency on R >= 4.1.0 because package code uses the pipe
|> or function shorthand \(...) syntax added in R 4.1.0.
File(s) using such syntax:
‘kappa_inference.R’
Flavors: r-devel-linux-x86_64-debian-clang, r-devel-linux-x86_64-debian-gcc, r-devel-linux-x86_64-fedora-clang, r-devel-linux-x86_64-fedora-gcc, r-devel-windows-x86_64, r-patched-linux-x86_64, r-release-linux-x86_64, r-release-macos-arm64, r-release-macos-x86_64, r-release-windows-x86_64