Last updated on 2025-07-20 01:49:33 CEST.
Flavor | Version | Tinstall | Tcheck | Ttotal | Status | Flags |
---|---|---|---|---|---|---|
r-devel-linux-x86_64-debian-clang | 0.1.0 | 128.05 | 163.98 | 292.03 | NOTE | |
r-devel-linux-x86_64-debian-gcc | 0.1.0 | 121.54 | 124.93 | 246.47 | NOTE | |
r-devel-linux-x86_64-fedora-clang | 0.1.0 | 442.94 | NOTE | |||
r-devel-linux-x86_64-fedora-gcc | 0.1.0 | 521.98 | NOTE | |||
r-devel-windows-x86_64 | 0.1.0 | 156.00 | 191.00 | 347.00 | NOTE | |
r-patched-linux-x86_64 | 0.1.0 | 146.42 | 167.27 | 313.69 | NOTE | |
r-release-linux-x86_64 | 0.1.0 | 147.62 | 170.82 | 318.44 | NOTE | |
r-release-macos-arm64 | 0.1.0 | 119.00 | NOTE | |||
r-release-macos-x86_64 | 0.1.0 | 304.00 | NOTE | |||
r-release-windows-x86_64 | 0.1.0 | 140.00 | 189.00 | 329.00 | NOTE | |
r-oldrel-macos-arm64 | 0.1.0 | 70.00 | NOTE | |||
r-oldrel-macos-x86_64 | 0.1.0 | 127.00 | NOTE | |||
r-oldrel-windows-x86_64 | 0.1.0 | 169.00 | 245.00 | 414.00 | NOTE |
Version: 0.1.0
Check: DESCRIPTION meta-information
Result: NOTE
Missing dependency on R >= 4.1.0 because package code uses the pipe
|> or function shorthand \(...) syntax added in R 4.1.0.
File(s) using such syntax:
‘estimate.R’ ‘formula.R’ ‘toy_data.R’
Flavors: r-devel-linux-x86_64-debian-clang, r-devel-linux-x86_64-debian-gcc, r-devel-linux-x86_64-fedora-clang, r-devel-linux-x86_64-fedora-gcc, r-devel-windows-x86_64, r-patched-linux-x86_64, r-release-linux-x86_64, r-release-macos-arm64, r-release-macos-x86_64, r-release-windows-x86_64
Version: 0.1.0
Check: installed package size
Result: NOTE
installed size is 42.4Mb
sub-directories of 1Mb or more:
libs 41.9Mb
Flavors: r-oldrel-macos-arm64, r-oldrel-macos-x86_64
Version: 0.1.0
Check: for GNU extensions in Makefiles
Result: NOTE
GNU make is a SystemRequirements.
Flavors: r-oldrel-macos-arm64, r-oldrel-macos-x86_64, r-oldrel-windows-x86_64