Last updated on 2025-07-19 13:50:18 CEST.
Flavor | Version | Tinstall | Tcheck | Ttotal | Status | Flags |
---|---|---|---|---|---|---|
r-devel-linux-x86_64-debian-clang | 0.0.1 | 65.10 | 167.31 | 232.41 | OK | |
r-devel-linux-x86_64-debian-gcc | 0.0.1 | 41.65 | 114.56 | 156.21 | OK | |
r-devel-linux-x86_64-fedora-clang | 0.0.1 | 396.53 | OK | |||
r-devel-linux-x86_64-fedora-gcc | 0.0.1 | 362.93 | OK | |||
r-devel-windows-x86_64 | 0.0.1 | 67.00 | 185.00 | 252.00 | OK | |
r-patched-linux-x86_64 | 0.0.1 | 61.10 | 158.10 | 219.20 | OK | |
r-release-linux-x86_64 | 0.0.1 | 60.58 | 159.60 | 220.18 | OK | |
r-release-macos-arm64 | 0.0.1 | 138.00 | OK | |||
r-release-macos-x86_64 | 0.0.1 | 221.00 | OK | |||
r-release-windows-x86_64 | 0.0.1 | 69.00 | 186.00 | 255.00 | OK | |
r-oldrel-macos-arm64 | 0.0.1 | 107.00 | NOTE | |||
r-oldrel-macos-x86_64 | 0.0.1 | 146.00 | NOTE | |||
r-oldrel-windows-x86_64 | 0.0.1 | 88.00 | 239.00 | 327.00 | NOTE |
Version: 0.0.1
Check: installed package size
Result: NOTE
installed size is 13.9Mb
sub-directories of 1Mb or more:
data 2.1Mb
doc 6.5Mb
libs 4.8Mb
Flavors: r-oldrel-macos-arm64, r-oldrel-macos-x86_64, r-oldrel-windows-x86_64
Version: 0.0.1
Check: for GNU extensions in Makefiles
Result: NOTE
GNU make is a SystemRequirements.
Flavors: r-oldrel-macos-arm64, r-oldrel-macos-x86_64, r-oldrel-windows-x86_64