Last updated on 2025-07-28 12:50:11 CEST.
Flavor | Version | Tinstall | Tcheck | Ttotal | Status | Flags |
---|---|---|---|---|---|---|
r-devel-linux-x86_64-debian-clang | 2.0.12 | 307.48 | 168.97 | 476.45 | OK | |
r-devel-linux-x86_64-debian-gcc | 2.0.12 | 245.17 | 141.83 | 387.00 | OK | |
r-devel-linux-x86_64-fedora-clang | 2.0.12 | 795.25 | OK | |||
r-devel-linux-x86_64-fedora-gcc | 2.0.12 | 916.20 | OK | |||
r-devel-windows-x86_64 | 2.0.12 | 298.00 | 273.00 | 571.00 | OK | |
r-patched-linux-x86_64 | 2.0.12 | 338.72 | 194.86 | 533.58 | OK | |
r-release-linux-x86_64 | 2.0.12 | 332.19 | 207.92 | 540.11 | OK | |
r-release-macos-arm64 | 2.0.12 | 228.00 | OK | |||
r-release-macos-x86_64 | 2.0.12 | 316.00 | OK | |||
r-release-windows-x86_64 | 2.0.12 | 291.00 | 242.00 | 533.00 | OK | |
r-oldrel-macos-arm64 | 2.0.12 | 214.00 | NOTE | |||
r-oldrel-macos-x86_64 | 2.0.12 | 470.00 | NOTE | |||
r-oldrel-windows-x86_64 | 2.0.12 | 355.00 | 315.00 | 670.00 | OK |
Version: 2.0.12
Check: installed package size
Result: NOTE
installed size is 99.1Mb
sub-directories of 1Mb or more:
libs 98.0Mb
Flavors: r-oldrel-macos-arm64, r-oldrel-macos-x86_64