CRAN Package Check Results for Package osd

Last updated on 2025-07-28 12:50:12 CEST.

Flavor Version Tinstall Tcheck Ttotal Status Flags
r-devel-linux-x86_64-debian-clang 0.1 2.48 25.56 28.04 NOTE
r-devel-linux-x86_64-debian-gcc 0.1 1.67 20.66 22.33 NOTE
r-devel-linux-x86_64-fedora-clang 0.1 42.58 OK
r-devel-linux-x86_64-fedora-gcc 0.1 40.76 OK
r-devel-windows-x86_64 0.1 5.00 59.00 64.00 OK
r-patched-linux-x86_64 0.1 2.07 24.19 26.26 OK
r-release-linux-x86_64 0.1 2.07 24.16 26.23 OK
r-release-macos-arm64 0.1 21.00 OK
r-release-macos-x86_64 0.1 32.00 OK
r-release-windows-x86_64 0.1 3.00 45.00 48.00 OK
r-oldrel-macos-arm64 0.1 18.00 OK
r-oldrel-macos-x86_64 0.1 26.00 OK
r-oldrel-windows-x86_64 0.1 4.00 52.00 56.00 OK

Check Details

Version: 0.1
Check: CRAN incoming feasibility
Result: NOTE Maintainer: ‘Xavier Domingo-Almenara <xavier.domingo@urv.cat>’ No Authors@R field in DESCRIPTION. Please add one, modifying Authors@R: person(given = "Xavier", family = "Domingo-Almenara", role = c("aut", "cre"), email = "xavier.domingo@urv.cat") as necessary. Flavors: r-devel-linux-x86_64-debian-clang, r-devel-linux-x86_64-debian-gcc