CRAN Package Check Results for Package preputils

Last updated on 2025-07-22 13:49:20 CEST.

Flavor Version Tinstall Tcheck Ttotal Status Flags
r-devel-linux-x86_64-debian-clang 1.0.3 2.10 23.77 25.87 NOTE
r-devel-linux-x86_64-debian-gcc 1.0.3 1.64 19.02 20.66 NOTE
r-devel-linux-x86_64-fedora-clang 1.0.3 39.12 OK
r-devel-linux-x86_64-fedora-gcc 1.0.3 38.02 OK
r-devel-windows-x86_64 1.0.3 3.00 44.00 47.00 OK
r-patched-linux-x86_64 1.0.3 2.45 21.94 24.39 OK
r-release-linux-x86_64 1.0.3 2.16 22.37 24.53 OK
r-release-macos-arm64 1.0.3 17.00 OK
r-release-macos-x86_64 1.0.3 26.00 OK
r-release-windows-x86_64 1.0.3 3.00 47.00 50.00 OK
r-oldrel-macos-arm64 1.0.3 18.00 NOTE
r-oldrel-macos-x86_64 1.0.3 23.00 NOTE
r-oldrel-windows-x86_64 1.0.3 3.00 57.00 60.00 NOTE

Check Details

Version: 1.0.3
Check: CRAN incoming feasibility
Result: NOTE Maintainer: ‘Josef Frank <josef.frank@gmx.ch>’ No Authors@R field in DESCRIPTION. Please add one, modifying Authors@R: person(given = "Josef", family = "Frank", role = c("aut", "cre"), email = "josef.frank@gmx.ch") as necessary. Flavors: r-devel-linux-x86_64-debian-clang, r-devel-linux-x86_64-debian-gcc

Version: 1.0.3
Check: LazyData
Result: NOTE 'LazyData' is specified without a 'data' directory Flavors: r-oldrel-macos-arm64, r-oldrel-macos-x86_64, r-oldrel-windows-x86_64