Last updated on 2025-07-17 12:50:08 CEST.
Flavor | Version | Tinstall | Tcheck | Ttotal | Status | Flags |
---|---|---|---|---|---|---|
r-devel-linux-x86_64-debian-clang | 0.1.2 | 4.31 | 65.09 | 69.40 | OK | |
r-devel-linux-x86_64-debian-gcc | 0.1.2 | 3.16 | 50.86 | 54.02 | OK | |
r-devel-linux-x86_64-fedora-clang | 0.1.2 | 104.04 | OK | |||
r-devel-linux-x86_64-fedora-gcc | 0.1.2 | 114.67 | OK | |||
r-devel-windows-x86_64 | 0.1.2 | 10.00 | 106.00 | 116.00 | OK | |
r-patched-linux-x86_64 | 0.1.2 | 5.59 | 60.71 | 66.30 | OK | |
r-release-linux-x86_64 | 0.1.2 | 4.37 | 61.64 | 66.01 | OK | |
r-release-macos-arm64 | 0.1.2 | 47.00 | OK | |||
r-release-macos-x86_64 | 0.1.2 | 82.00 | OK | |||
r-release-windows-x86_64 | 0.1.2 | 10.00 | 106.00 | 116.00 | OK | |
r-oldrel-macos-arm64 | 0.1.2 | 53.00 | NOTE | |||
r-oldrel-macos-x86_64 | 0.1.2 | 79.00 | NOTE | |||
r-oldrel-windows-x86_64 | 0.1.2 | 11.00 | 123.00 | 134.00 | NOTE |
Version: 0.1.2
Check: installed package size
Result: NOTE
installed size is 11.5Mb
sub-directories of 1Mb or more:
doc 9.9Mb
Flavors: r-oldrel-macos-arm64, r-oldrel-macos-x86_64, r-oldrel-windows-x86_64