CRAN Package Check Results for Package randomGLM

Last updated on 2025-07-10 01:50:54 CEST.

Flavor Version Tinstall Tcheck Ttotal Status Flags
r-devel-linux-x86_64-debian-clang 1.10-1 12.67 106.85 119.52 NOTE
r-devel-linux-x86_64-debian-gcc 1.10-1 9.08 76.82 85.90 NOTE
r-devel-linux-x86_64-fedora-clang 1.10-1 180.06 OK
r-devel-linux-x86_64-fedora-gcc 1.10-1 182.83 OK
r-devel-windows-x86_64 1.10-1 14.00 111.00 125.00 OK
r-patched-linux-x86_64 1.10-1 12.11 99.15 111.26 OK
r-release-linux-x86_64 1.10-1 12.31 99.54 111.85 OK
r-release-macos-arm64 1.10-1 49.00 OK
r-release-macos-x86_64 1.10-1 106.00 OK
r-release-windows-x86_64 1.10-1 13.00 113.00 126.00 OK
r-oldrel-macos-arm64 1.10-1 51.00 OK
r-oldrel-macos-x86_64 1.10-1 71.00 OK
r-oldrel-windows-x86_64 1.10-1 18.00 137.00 155.00 OK

Check Details

Version: 1.10-1
Check: CRAN incoming feasibility
Result: NOTE Maintainer: ‘Peter Langfelder <peter.langfelder@gmail.com>’ No Authors@R field in DESCRIPTION. Please add one, modifying Authors@R: c(person(given = "Lin", family = "Song", role = "aut"), person(given = "Peter", family = "Langfelder", role = c("aut", "cre"), email = "peter.langfelder@gmail.com")) as necessary. Flavors: r-devel-linux-x86_64-debian-clang, r-devel-linux-x86_64-debian-gcc