Last updated on 2025-07-20 01:49:38 CEST.
Flavor | Version | Tinstall | Tcheck | Ttotal | Status | Flags |
---|---|---|---|---|---|---|
r-devel-linux-x86_64-debian-clang | 0.1-3 | 17.10 | 109.95 | 127.05 | OK | |
r-devel-linux-x86_64-debian-gcc | 0.1-3 | 11.49 | 72.82 | 84.31 | OK | |
r-devel-linux-x86_64-fedora-clang | 0.1-3 | 215.76 | OK | |||
r-devel-linux-x86_64-fedora-gcc | 0.1-3 | 190.47 | OK | |||
r-devel-windows-x86_64 | 0.1-3 | 19.00 | 129.00 | 148.00 | OK | |
r-patched-linux-x86_64 | 0.1-3 | 17.37 | 105.33 | 122.70 | OK | |
r-release-linux-x86_64 | 0.1-3 | 16.32 | 104.41 | 120.73 | OK | |
r-release-macos-arm64 | 0.1-3 | 54.00 | OK | |||
r-release-macos-x86_64 | 0.1-3 | 105.00 | OK | |||
r-release-windows-x86_64 | 0.1-3 | 20.00 | 131.00 | 151.00 | OK | |
r-oldrel-macos-arm64 | 0.1-3 | 49.00 | NOTE | |||
r-oldrel-macos-x86_64 | 0.1-3 | 124.00 | NOTE | |||
r-oldrel-windows-x86_64 | 0.1-3 | 26.00 | 159.00 | 185.00 | NOTE |
Version: 0.1-3
Check: installed package size
Result: NOTE
installed size is 5.2Mb
sub-directories of 1Mb or more:
data 4.2Mb
Flavors: r-oldrel-macos-arm64, r-oldrel-macos-x86_64, r-oldrel-windows-x86_64