Last updated on 2025-07-22 13:49:22 CEST.
Flavor | Version | Tinstall | Tcheck | Ttotal | Status | Flags |
---|---|---|---|---|---|---|
r-devel-linux-x86_64-debian-clang | 2.3.3 | 19.14 | 139.89 | 159.03 | NOTE | |
r-devel-linux-x86_64-debian-gcc | 2.3.3 | 11.76 | 97.07 | 108.83 | NOTE | |
r-devel-linux-x86_64-fedora-clang | 2.3.3 | 262.22 | OK | |||
r-devel-linux-x86_64-fedora-gcc | 2.3.3 | 226.38 | OK | |||
r-devel-windows-x86_64 | 2.3.3 | 21.00 | 149.00 | 170.00 | NOTE | |
r-patched-linux-x86_64 | 2.3.3 | 18.80 | 129.35 | 148.15 | NOTE | |
r-release-linux-x86_64 | 2.3.3 | 17.39 | 129.65 | 147.04 | NOTE | |
r-release-macos-arm64 | 2.3.3 | 68.00 | OK | |||
r-release-macos-x86_64 | 2.3.3 | 132.00 | OK | |||
r-release-windows-x86_64 | 2.3.3 | 22.00 | 155.00 | 177.00 | NOTE | |
r-oldrel-macos-arm64 | 2.3.3 | 66.00 | OK | |||
r-oldrel-macos-x86_64 | 2.3.3 | 93.00 | OK | |||
r-oldrel-windows-x86_64 | 2.3.3 | 29.00 | 190.00 | 219.00 | OK |
Version: 2.3.3
Check: Rd cross-references
Result: NOTE
Found the following Rd file(s) with Rd \link{} targets missing package
anchors:
format_time.Rd: lubridate
Please provide package anchors for all Rd \link{} targets not in the
package itself and the base packages.
Flavors: r-devel-linux-x86_64-debian-clang, r-devel-linux-x86_64-debian-gcc, r-devel-windows-x86_64, r-patched-linux-x86_64, r-release-linux-x86_64, r-release-windows-x86_64