CRAN Package Check Results for Package rlist

Last updated on 2025-07-17 12:50:11 CEST.

Flavor Version Tinstall Tcheck Ttotal Status Flags
r-devel-linux-x86_64-debian-clang 0.4.6.2 3.56 38.85 42.41 NOTE
r-devel-linux-x86_64-debian-gcc 0.4.6.2 2.45 28.88 31.33 NOTE
r-devel-linux-x86_64-fedora-clang 0.4.6.2 61.87 OK
r-devel-linux-x86_64-fedora-gcc 0.4.6.2 58.88 OK
r-devel-windows-x86_64 0.4.6.2 6.00 66.00 72.00 OK
r-patched-linux-x86_64 0.4.6.2 4.66 34.38 39.04 OK
r-release-linux-x86_64 0.4.6.2 3.19 33.92 37.11 OK
r-release-macos-arm64 0.4.6.2 24.00 OK
r-release-macos-x86_64 0.4.6.2 41.00 OK
r-release-windows-x86_64 0.4.6.2 7.00 67.00 74.00 OK
r-oldrel-macos-arm64 0.4.6.2 28.00 OK
r-oldrel-macos-x86_64 0.4.6.2 35.00 OK
r-oldrel-windows-x86_64 0.4.6.2 7.00 73.00 80.00 OK

Check Details

Version: 0.4.6.2
Check: CRAN incoming feasibility
Result: NOTE Maintainer: ‘Kun Ren <ken@renkun.me>’ No Authors@R field in DESCRIPTION. Please add one, modifying Authors@R: person(given = "Kun", family = "Ren", role = c("aut", "cre"), email = "ken@renkun.me") as necessary. Flavors: r-devel-linux-x86_64-debian-clang, r-devel-linux-x86_64-debian-gcc