Last updated on 2025-07-16 00:49:53 CEST.
Flavor | Version | Tinstall | Tcheck | Ttotal | Status | Flags |
---|---|---|---|---|---|---|
r-devel-linux-x86_64-debian-clang | 1.0 | 6.63 | 65.75 | 72.38 | OK | |
r-devel-linux-x86_64-debian-gcc | 1.0 | 6.03 | 49.99 | 56.02 | OK | |
r-devel-linux-x86_64-fedora-clang | 1.0 | 113.60 | OK | |||
r-devel-linux-x86_64-fedora-gcc | 1.0 | 125.99 | OK | |||
r-devel-windows-x86_64 | 1.0 | 8.00 | 76.00 | 84.00 | OK | |
r-patched-linux-x86_64 | 1.0 | 7.46 | 61.47 | 68.93 | OK | |
r-release-linux-x86_64 | 1.0 | 7.24 | 61.42 | 68.66 | OK | |
r-release-macos-arm64 | 1.0 | 49.00 | OK | |||
r-release-macos-x86_64 | 1.0 | 81.00 | OK | |||
r-release-windows-x86_64 | 1.0 | 9.00 | 85.00 | 94.00 | OK | |
r-oldrel-macos-arm64 | 1.0 | 38.00 | NOTE | |||
r-oldrel-macos-x86_64 | 1.0 | 65.00 | NOTE | |||
r-oldrel-windows-x86_64 | 1.0 | 11.00 | 95.00 | 106.00 | NOTE |
Version: 1.0
Check: LazyData
Result: NOTE
'LazyData' is specified without a 'data' directory
Flavors: r-oldrel-macos-arm64, r-oldrel-macos-x86_64, r-oldrel-windows-x86_64