Last updated on 2025-07-16 00:49:54 CEST.
Flavor | Version | Tinstall | Tcheck | Ttotal | Status | Flags |
---|---|---|---|---|---|---|
r-devel-linux-x86_64-debian-clang | 0.3.4 | 58.93 | 194.25 | 253.18 | OK | |
r-devel-linux-x86_64-debian-gcc | 0.3.4 | 41.69 | 141.24 | 182.93 | OK | |
r-devel-linux-x86_64-fedora-clang | 0.3.4 | 422.36 | OK | |||
r-devel-linux-x86_64-fedora-gcc | 0.3.4 | 417.09 | OK | |||
r-devel-windows-x86_64 | 0.3.4 | 72.00 | 229.00 | 301.00 | OK | |
r-patched-linux-x86_64 | 0.3.4 | 61.46 | 181.32 | 242.78 | OK | |
r-release-linux-x86_64 | 0.3.4 | 58.64 | 178.99 | 237.63 | OK | |
r-release-macos-arm64 | 0.3.4 | 122.00 | OK | |||
r-release-macos-x86_64 | 0.3.4 | 459.00 | OK | |||
r-release-windows-x86_64 | 0.3.4 | 69.00 | 239.00 | 308.00 | OK | |
r-oldrel-macos-arm64 | 0.3.4 | 73.00 | NOTE | |||
r-oldrel-macos-x86_64 | 0.3.4 | 143.00 | NOTE | |||
r-oldrel-windows-x86_64 | 0.3.4 | 86.00 | 268.00 | 354.00 | NOTE |
Version: 0.3.4
Check: for GNU extensions in Makefiles
Result: NOTE
GNU make is a SystemRequirements.
Flavors: r-oldrel-macos-arm64, r-oldrel-macos-x86_64, r-oldrel-windows-x86_64