CRAN Package Check Results for Package sae2

Last updated on 2025-07-17 12:50:11 CEST.

Flavor Version Tinstall Tcheck Ttotal Status Flags
r-devel-linux-x86_64-debian-clang 1.2-1 10.83 75.90 86.73 NOTE
r-devel-linux-x86_64-debian-gcc 1.2-1 7.58 55.31 62.89 NOTE
r-devel-linux-x86_64-fedora-clang 1.2-1 136.04 OK
r-devel-linux-x86_64-fedora-gcc 1.2-1 130.62 OK
r-devel-windows-x86_64 1.2-1 10.00 79.00 89.00 NOTE
r-patched-linux-x86_64 1.2-1 9.74 72.71 82.45 NOTE
r-release-linux-x86_64 1.2-1 10.52 71.80 82.32 NOTE
r-release-macos-arm64 1.2-1 57.00 OK
r-release-macos-x86_64 1.2-1 79.00 OK
r-release-windows-x86_64 1.2-1 11.00 83.00 94.00 NOTE
r-oldrel-macos-arm64 1.2-1 55.00 OK
r-oldrel-macos-x86_64 1.2-1 72.00 OK
r-oldrel-windows-x86_64 1.2-1 14.00 104.00 118.00 OK

Check Details

Version: 1.2-1
Check: Rd cross-references
Result: NOTE Found the following Rd file(s) with Rd \link{} targets missing package anchors: mvrnormSeries.Rd: mvrnorm Please provide package anchors for all Rd \link{} targets not in the package itself and the base packages. Flavors: r-devel-linux-x86_64-debian-clang, r-devel-linux-x86_64-debian-gcc, r-devel-windows-x86_64, r-patched-linux-x86_64, r-release-linux-x86_64, r-release-windows-x86_64