Last updated on 2025-07-22 13:49:24 CEST.
Flavor | Version | Tinstall | Tcheck | Ttotal | Status | Flags |
---|---|---|---|---|---|---|
r-devel-linux-x86_64-debian-clang | 0.5-0 | 59.34 | 354.06 | 413.40 | NOTE | |
r-devel-linux-x86_64-debian-gcc | 0.5-0 | 48.58 | 259.94 | 308.52 | NOTE | |
r-devel-linux-x86_64-fedora-clang | 0.5-0 | 667.03 | OK | |||
r-devel-linux-x86_64-fedora-gcc | 0.5-0 | 700.38 | OK | |||
r-devel-windows-x86_64 | 0.5-0 | 60.00 | 356.00 | 416.00 | OK | |
r-patched-linux-x86_64 | 0.5-0 | 64.95 | 374.38 | 439.33 | OK | |
r-release-linux-x86_64 | 0.5-0 | 61.94 | 375.33 | 437.27 | OK | |
r-release-macos-arm64 | 0.5-0 | 232.00 | OK | |||
r-release-macos-x86_64 | 0.5-0 | 486.00 | OK | |||
r-release-windows-x86_64 | 0.5-0 | 64.00 | 368.00 | 432.00 | OK | |
r-oldrel-macos-arm64 | 0.5-0 | 209.00 | NOTE | |||
r-oldrel-macos-x86_64 | 0.5-0 | 312.00 | NOTE | |||
r-oldrel-windows-x86_64 | 0.5-0 | 77.00 | 520.00 | 597.00 | OK |
Version: 0.5-0
Check: CRAN incoming feasibility
Result: NOTE
Maintainer: ‘Matt Moores <mmoores@gmail.com>’
Package CITATION file contains call(s) to old-style personList() or
as.personList(). Please use c() on person objects instead.
Package CITATION file contains call(s) to old-style citEntry(). Please
use bibentry() instead.
The Description field contains
<arXiv:1604.07299>. Multivariate observations of SERRS are highly
Please refer to arXiv e-prints via their arXiv DOI <doi:10.48550/arXiv.YYMM.NNNNN>.
Flavors: r-devel-linux-x86_64-debian-clang, r-devel-linux-x86_64-debian-gcc
Version: 0.5-0
Check: installed package size
Result: NOTE
installed size is 19.6Mb
sub-directories of 1Mb or more:
libs 18.3Mb
Flavors: r-oldrel-macos-arm64, r-oldrel-macos-x86_64