CRAN Package Check Results for Package shinyInvoice

Last updated on 2025-07-22 01:49:30 CEST.

Flavor Version Tinstall Tcheck Ttotal Status Flags
r-devel-linux-x86_64-debian-clang 0.0.5 7.23 51.60 58.83 NOTE
r-devel-linux-x86_64-debian-gcc 0.0.5 4.54 38.54 43.08 NOTE
r-devel-linux-x86_64-fedora-clang 0.0.5 93.37 NOTE
r-devel-linux-x86_64-fedora-gcc 0.0.5 85.96 NOTE
r-devel-windows-x86_64 0.0.5 10.00 69.00 79.00 NOTE
r-patched-linux-x86_64 0.0.5 6.24 48.08 54.32 NOTE
r-release-linux-x86_64 0.0.5 6.38 47.70 54.08 NOTE
r-release-macos-arm64 0.0.5 25.00 NOTE
r-release-macos-x86_64 0.0.5 48.00 NOTE
r-release-windows-x86_64 0.0.5 9.00 64.00 73.00 NOTE
r-oldrel-macos-arm64 0.0.5 26.00 OK
r-oldrel-macos-x86_64 0.0.5 46.00 OK
r-oldrel-windows-x86_64 0.0.5 12.00 75.00 87.00 OK

Check Details

Version: 0.0.5
Check: DESCRIPTION meta-information
Result: NOTE Missing dependency on R >= 4.1.0 because package code uses the pipe |> or function shorthand \(...) syntax added in R 4.1.0. File(s) using such syntax: ‘continue_sequence.R’ ‘get_exchange_rates.R’ Flavors: r-devel-linux-x86_64-debian-clang, r-devel-linux-x86_64-debian-gcc, r-devel-linux-x86_64-fedora-clang, r-devel-linux-x86_64-fedora-gcc, r-devel-windows-x86_64, r-patched-linux-x86_64, r-release-linux-x86_64, r-release-macos-arm64, r-release-macos-x86_64, r-release-windows-x86_64