Last updated on 2025-07-18 12:49:30 CEST.
Flavor | Version | Tinstall | Tcheck | Ttotal | Status | Flags |
---|---|---|---|---|---|---|
r-devel-linux-x86_64-debian-clang | 1.0.6 | 18.99 | 326.72 | 345.71 | OK | |
r-devel-linux-x86_64-debian-gcc | 1.0.6 | 12.44 | 222.78 | 235.22 | OK | |
r-devel-linux-x86_64-fedora-clang | 1.0.6 | 533.10 | NOTE | |||
r-devel-linux-x86_64-fedora-gcc | 1.0.6 | 538.27 | NOTE | |||
r-devel-windows-x86_64 | 1.0.6 | 20.00 | 280.00 | 300.00 | OK | |
r-patched-linux-x86_64 | 1.0.6 | 19.75 | 313.46 | 333.21 | OK | |
r-release-linux-x86_64 | 1.0.6 | 18.59 | 311.87 | 330.46 | OK | |
r-release-macos-arm64 | 1.0.6 | 144.00 | OK | |||
r-release-macos-x86_64 | 1.0.6 | 335.00 | OK | |||
r-release-windows-x86_64 | 1.0.6 | 19.00 | 282.00 | 301.00 | OK | |
r-oldrel-macos-arm64 | 1.0.6 | 121.00 | OK | |||
r-oldrel-macos-x86_64 | 1.0.6 | 207.00 | OK | |||
r-oldrel-windows-x86_64 | 1.0.6 | 26.00 | 405.00 | 431.00 | OK |
Version: 1.0.6
Check: dependencies in R code
Result: NOTE
Namespace in Imports field not imported from: ‘knitr’
All declared Imports should be used.
Flavors: r-devel-linux-x86_64-fedora-clang, r-devel-linux-x86_64-fedora-gcc