CRAN Package Check Results for Package streamDepletr

Last updated on 2025-07-19 13:50:27 CEST.

Flavor Version Tinstall Tcheck Ttotal Status Flags
r-devel-linux-x86_64-debian-clang 0.2.0 1.95 46.39 48.34 NOTE
r-devel-linux-x86_64-debian-gcc 0.2.0 1.44 35.95 37.39 NOTE
r-devel-linux-x86_64-fedora-clang 0.2.0 75.68 NOTE
r-devel-linux-x86_64-fedora-gcc 0.2.0 82.14 NOTE
r-devel-windows-x86_64 0.2.0 4.00 63.00 67.00 NOTE
r-patched-linux-x86_64 0.2.0 2.45 42.50 44.95 NOTE
r-release-linux-x86_64 0.2.0 1.96 43.05 45.01 NOTE
r-release-macos-arm64 0.2.0 35.00 NOTE
r-release-macos-x86_64 0.2.0 60.00 NOTE
r-release-windows-x86_64 0.2.0 4.00 62.00 66.00 NOTE
r-oldrel-macos-arm64 0.2.0 34.00 OK
r-oldrel-macos-x86_64 0.2.0 45.00 OK
r-oldrel-windows-x86_64 0.2.0 5.00 75.00 80.00 OK

Check Details

Version: 0.2.0
Check: DESCRIPTION meta-information
Result: NOTE Missing dependency on R >= 4.1.0 because package code uses the pipe |> or function shorthand \(...) syntax added in R 4.1.0. File(s) using such syntax: ‘apportion_inverse.R’ ‘apportion_polygon.R’ ‘apportion_web.R’ ‘prep_reach_dist.R’ Flavors: r-devel-linux-x86_64-debian-clang, r-devel-linux-x86_64-debian-gcc, r-devel-linux-x86_64-fedora-clang, r-devel-linux-x86_64-fedora-gcc, r-devel-windows-x86_64, r-patched-linux-x86_64, r-release-linux-x86_64, r-release-macos-arm64, r-release-macos-x86_64, r-release-windows-x86_64