Last updated on 2025-07-20 01:49:42 CEST.
Flavor | Version | Tinstall | Tcheck | Ttotal | Status | Flags |
---|---|---|---|---|---|---|
r-devel-linux-x86_64-debian-clang | 1.5-4-1.0.0 | 69.66 | 68.08 | 137.74 | OK | |
r-devel-linux-x86_64-debian-gcc | 1.5-4-1.0.0 | 50.41 | 49.16 | 99.57 | OK | |
r-devel-linux-x86_64-fedora-clang | 1.5-4-1.0.0 | 234.74 | OK | |||
r-devel-linux-x86_64-fedora-gcc | 1.5-4-1.0.0 | 235.16 | OK | |||
r-devel-windows-x86_64 | 1.5-4-1.0.0 | 78.00 | 129.00 | 207.00 | OK | |
r-patched-linux-x86_64 | 1.5-4-1.0.0 | 68.02 | 64.40 | 132.42 | OK | |
r-release-linux-x86_64 | 1.5-4-1.0.0 | 69.38 | 64.57 | 133.95 | OK | |
r-release-macos-arm64 | 1.5-4-1.0.0 | 73.00 | OK | |||
r-release-macos-x86_64 | 1.5-4-1.0.0 | 139.00 | OK | |||
r-release-windows-x86_64 | 1.5-4-1.0.0 | 78.00 | 124.00 | 202.00 | OK | |
r-oldrel-macos-arm64 | 1.5-4-1.0.0 | 66.00 | NOTE | |||
r-oldrel-macos-x86_64 | 1.5-4-1.0.0 | 117.00 | NOTE | |||
r-oldrel-windows-x86_64 | 1.5-4-1.0.0 | 97.00 | 151.00 | 248.00 | OK |
Version: 1.5-4-1.0.0
Check: installed package size
Result: NOTE
installed size is 5.3Mb
sub-directories of 1Mb or more:
libs 4.2Mb
Flavors: r-oldrel-macos-arm64, r-oldrel-macos-x86_64