CRAN Package Check Results for Package tenispolaR

Last updated on 2025-07-24 01:50:38 CEST.

Flavor Version Tinstall Tcheck Ttotal Status Flags
r-devel-linux-x86_64-debian-clang 0.1.4 1.61 20.63 22.24 OK
r-devel-linux-x86_64-debian-gcc 0.1.4 1.33 17.50 18.83 OK
r-devel-linux-x86_64-fedora-clang 0.1.4 31.91 OK
r-devel-linux-x86_64-fedora-gcc 0.1.4 31.40 OK
r-devel-windows-x86_64 0.1.4 3.00 45.00 48.00 OK
r-patched-linux-x86_64 0.1.4 1.63 18.41 20.04 OK
r-release-linux-x86_64 0.1.4 1.61 18.35 19.96 OK
r-release-macos-arm64 0.1.4 18.00 OK
r-release-macos-x86_64 0.1.4 28.00 OK
r-release-windows-x86_64 0.1.4 3.00 48.00 51.00 OK
r-oldrel-macos-arm64 0.1.4 15.00 NOTE
r-oldrel-macos-x86_64 0.1.4 23.00 NOTE
r-oldrel-windows-x86_64 0.1.4 3.00 50.00 53.00 NOTE

Check Details

Version: 0.1.4
Check: LazyData
Result: NOTE 'LazyData' is specified without a 'data' directory Flavors: r-oldrel-macos-arm64, r-oldrel-macos-x86_64, r-oldrel-windows-x86_64