CRAN Package Check Results for Package thriftr

Last updated on 2025-07-25 12:50:20 CEST.

Flavor Version Tinstall Tcheck Ttotal Status Flags
r-devel-linux-x86_64-debian-clang 1.1.7 13.31 79.08 92.39 NOTE
r-devel-linux-x86_64-debian-gcc 1.1.7 10.40 51.90 62.30 NOTE
r-devel-linux-x86_64-fedora-clang 1.1.7 144.46 OK
r-devel-linux-x86_64-fedora-gcc 1.1.7 141.33 OK
r-devel-windows-x86_64 1.1.7 14.00 109.00 123.00 NOTE
r-patched-linux-x86_64 1.1.7 13.46 74.99 88.45 NOTE
r-release-linux-x86_64 1.1.7 14.42 74.52 88.94 NOTE
r-release-macos-arm64 1.1.7 48.00 OK
r-release-macos-x86_64 1.1.7 110.00 OK
r-release-windows-x86_64 1.1.7 15.00 101.00 116.00 NOTE
r-oldrel-macos-arm64 1.1.7 48.00 OK
r-oldrel-macos-x86_64 1.1.7 73.00 OK
r-oldrel-windows-x86_64 1.1.7 21.00 124.00 145.00 OK

Check Details

Version: 1.1.7
Check: Rd cross-references
Result: NOTE Found the following Rd file(s) with Rd \link{} targets missing package anchors: TBinaryProtocol.Rd: R6Class TBinaryProtocolFactory.Rd: R6Class TBufferedTransport.Rd: R6Class TBufferedTransportFactory.Rd: R6Class TClient.Rd: R6Class TMemoryBuffer.Rd: R6Class TPayload.Rd: R6Class TServerSocket.Rd: R6Class TSocket.Rd: R6Class Please provide package anchors for all Rd \link{} targets not in the package itself and the base packages. Flavors: r-devel-linux-x86_64-debian-clang, r-devel-linux-x86_64-debian-gcc, r-devel-windows-x86_64, r-patched-linux-x86_64, r-release-linux-x86_64, r-release-windows-x86_64