Last updated on 2025-07-22 13:49:26 CEST.
Flavor | Version | Tinstall | Tcheck | Ttotal | Status | Flags |
---|---|---|---|---|---|---|
r-devel-linux-x86_64-debian-clang | 1.0 | 7.06 | 61.13 | 68.19 | NOTE | |
r-devel-linux-x86_64-debian-gcc | 1.0 | 5.52 | 45.12 | 50.64 | NOTE | |
r-devel-linux-x86_64-fedora-clang | 1.0 | 107.73 | OK | |||
r-devel-linux-x86_64-fedora-gcc | 1.0 | 99.44 | OK | |||
r-devel-windows-x86_64 | 1.0 | 9.00 | 72.00 | 81.00 | OK | |
r-patched-linux-x86_64 | 1.0 | 7.47 | 57.28 | 64.75 | OK | |
r-release-linux-x86_64 | 1.0 | 6.89 | 56.85 | 63.74 | OK | |
r-release-macos-arm64 | 1.0 | 39.00 | OK | |||
r-release-macos-x86_64 | 1.0 | 61.00 | OK | |||
r-release-windows-x86_64 | 1.0 | 10.00 | 75.00 | 85.00 | OK | |
r-oldrel-macos-arm64 | 1.0 | 30.00 | OK | |||
r-oldrel-macos-x86_64 | 1.0 | 47.00 | OK | |||
r-oldrel-windows-x86_64 | 1.0 | 12.00 | 93.00 | 105.00 | OK |
Version: 1.0
Check: CRAN incoming feasibility
Result: NOTE
Maintainer: ‘Ronja Foraita <foraita@leibniz-bips.de>’
The Description field contains
<arXiv:2108.13395> provide a guide how to use tpc to analyse cohort
Please refer to arXiv e-prints via their arXiv DOI <doi:10.48550/arXiv.YYMM.NNNNN>.
Flavors: r-devel-linux-x86_64-debian-clang, r-devel-linux-x86_64-debian-gcc