Last updated on 2025-07-20 01:49:43 CEST.
Flavor | Version | Tinstall | Tcheck | Ttotal | Status | Flags |
---|---|---|---|---|---|---|
r-devel-linux-x86_64-debian-clang | 1.0.3 | 413.10 | 221.55 | 634.65 | NOTE | |
r-devel-linux-x86_64-debian-gcc | 1.0.3 | 352.72 | 157.34 | 510.06 | NOTE | |
r-devel-linux-x86_64-fedora-clang | 1.0.3 | 969.38 | NOTE | |||
r-devel-linux-x86_64-fedora-gcc | 1.0.3 | 1348.22 | NOTE | |||
r-devel-windows-x86_64 | 1.0.3 | 408.00 | 302.00 | 710.00 | NOTE | |
r-patched-linux-x86_64 | 1.0.3 | 517.95 | 219.28 | 737.23 | NOTE | |
r-release-linux-x86_64 | 1.0.3 | 529.15 | 217.17 | 746.32 | NOTE | |
r-release-macos-arm64 | 1.0.3 | 558.00 | NOTE | |||
r-release-macos-x86_64 | 1.0.3 | 688.00 | NOTE | |||
r-release-windows-x86_64 | 1.0.3 | 435.00 | 301.00 | 736.00 | NOTE | |
r-oldrel-macos-arm64 | 1.0.3 | 306.00 | NOTE | |||
r-oldrel-macos-x86_64 | 1.0.3 | 407.00 | NOTE | |||
r-oldrel-windows-x86_64 | 1.0.3 | 504.00 | 394.00 | 898.00 | NOTE |
Version: 1.0.3
Check: DESCRIPTION meta-information
Result: NOTE
Missing dependency on R >= 4.1.0 because package code uses the pipe
|> or function shorthand \(...) syntax added in R 4.1.0.
File(s) using such syntax:
‘benchmark.R’ ‘print.R’
Flavors: r-devel-linux-x86_64-debian-clang, r-devel-linux-x86_64-debian-gcc, r-devel-linux-x86_64-fedora-clang, r-devel-linux-x86_64-fedora-gcc, r-devel-windows-x86_64, r-patched-linux-x86_64, r-release-linux-x86_64, r-release-macos-arm64, r-release-macos-x86_64, r-release-windows-x86_64
Version: 1.0.3
Check: installed package size
Result: NOTE
installed size is 138.4Mb
sub-directories of 1Mb or more:
libs 137.3Mb
Flavors: r-oldrel-macos-arm64, r-oldrel-macos-x86_64, r-oldrel-windows-x86_64