CRAN Package Check Results for Package updateme

Last updated on 2025-07-16 00:49:58 CEST.

Flavor Version Tinstall Tcheck Ttotal Status Flags
r-devel-linux-x86_64-debian-clang 0.1.0 3.22 29.94 33.16 NOTE
r-devel-linux-x86_64-debian-gcc 0.1.0 2.35 23.10 25.45 NOTE
r-devel-linux-x86_64-fedora-clang 0.1.0 54.96 NOTE
r-devel-linux-x86_64-fedora-gcc 0.1.0 48.98 NOTE
r-devel-windows-x86_64 0.1.0 4.00 47.00 51.00 NOTE
r-patched-linux-x86_64 0.1.0 3.32 27.21 30.53 NOTE
r-release-linux-x86_64 0.1.0 2.72 27.77 30.49 NOTE
r-release-macos-arm64 0.1.0 22.00 NOTE
r-release-macos-x86_64 0.1.0 29.00 NOTE
r-release-windows-x86_64 0.1.0 4.00 49.00 53.00 NOTE
r-oldrel-macos-arm64 0.1.0 20.00 OK
r-oldrel-macos-x86_64 0.1.0 28.00 OK
r-oldrel-windows-x86_64 0.1.0 6.00 54.00 60.00 OK

Check Details

Version: 0.1.0
Check: DESCRIPTION meta-information
Result: NOTE Missing dependency on R >= 4.2.0 because package code uses the pipe placeholder syntax added in R 4.2.0. File(s) using such syntax: ‘available_version.R’ Flavors: r-devel-linux-x86_64-debian-clang, r-devel-linux-x86_64-debian-gcc, r-devel-linux-x86_64-fedora-clang, r-devel-linux-x86_64-fedora-gcc, r-devel-windows-x86_64, r-patched-linux-x86_64, r-release-linux-x86_64, r-release-macos-arm64, r-release-macos-x86_64, r-release-windows-x86_64