Last updated on 2025-07-28 12:50:21 CEST.
Flavor | Version | Tinstall | Tcheck | Ttotal | Status | Flags |
---|---|---|---|---|---|---|
r-devel-linux-x86_64-debian-clang | 1.0.0 | 18.29 | 170.32 | 188.61 | OK | |
r-devel-linux-x86_64-debian-gcc | 1.0.0 | 12.96 | 116.88 | 129.84 | OK | |
r-devel-linux-x86_64-fedora-clang | 1.0.0 | 298.78 | OK | |||
r-devel-linux-x86_64-fedora-gcc | 1.0.0 | 270.19 | OK | |||
r-devel-windows-x86_64 | 1.0.0 | 19.00 | 161.00 | 180.00 | OK | |
r-patched-linux-x86_64 | 1.0.0 | 17.75 | 162.18 | 179.93 | OK | |
r-release-linux-x86_64 | 1.0.0 | 17.94 | 161.17 | 179.11 | OK | |
r-release-macos-arm64 | 1.0.0 | 72.00 | OK | |||
r-release-macos-x86_64 | 1.0.0 | 168.00 | OK | |||
r-release-windows-x86_64 | 1.0.0 | 18.00 | 152.00 | 170.00 | OK | |
r-oldrel-macos-arm64 | 1.0.0 | 74.00 | NOTE | |||
r-oldrel-macos-x86_64 | 1.0.0 | 132.00 | NOTE | |||
r-oldrel-windows-x86_64 | 1.0.0 | 24.00 | 205.00 | 229.00 | NOTE |
Version: 1.0.0
Check: LazyData
Result: NOTE
'LazyData' is specified without a 'data' directory
Flavors: r-oldrel-macos-arm64, r-oldrel-macos-x86_64, r-oldrel-windows-x86_64