CRAN Package Check Results for Package wevid

Last updated on 2025-07-16 00:49:58 CEST.

Flavor Version Tinstall Tcheck Ttotal Status Flags
r-devel-linux-x86_64-debian-clang 0.6.2 6.14 54.63 60.77 NOTE
r-devel-linux-x86_64-debian-gcc 0.6.2 4.46 40.27 44.73 NOTE
r-devel-linux-x86_64-fedora-clang 0.6.2 96.33 OK
r-devel-linux-x86_64-fedora-gcc 0.6.2 89.29 OK
r-devel-windows-x86_64 0.6.2 8.00 77.00 85.00 OK
r-patched-linux-x86_64 0.6.2 6.09 52.09 58.18 OK
r-release-linux-x86_64 0.6.2 5.00 50.76 55.76 OK
r-release-macos-arm64 0.6.2 33.00 OK
r-release-macos-x86_64 0.6.2 56.00 OK
r-release-windows-x86_64 0.6.2 10.00 86.00 96.00 OK
r-oldrel-macos-arm64 0.6.2 31.00 OK
r-oldrel-macos-x86_64 0.6.2 47.00 OK
r-oldrel-windows-x86_64 0.6.2 10.00 88.00 98.00 OK

Check Details

Version: 0.6.2
Check: CRAN incoming feasibility
Result: NOTE Maintainer: ‘Marco Colombo <mar.colombo13@gmail.com>’ Package CITATION file contains call(s) to old-style citEntry(). Please use bibentry() instead. Flavors: r-devel-linux-x86_64-debian-clang, r-devel-linux-x86_64-debian-gcc